/8*t**4 + 1/40*t**5 + 0. Let r(c) be the first derivative of z(c). Give r(6).
9
Let s(l) = -4*l - 12. Let t be s(-3). Suppose 3*q = -15, d + t*q = q + 8. Suppose 3*m + 5*b = 7 + 1, -d*m - 2*b = 4. Let v(j) = 3*j - 5. Calculate v(m).
-17
Let w(c) = 19*c + 1. Let s(j) = -22*j - 2. Let v(q) = 6*s(q) + 7*w(q). Determine v(13).
8
Let a be 0 - -157 - (14 - 11). Suppose 3*m + 78 = 3*o, -3*o = -8*o - m + a. Let v(q) = 27*q - 58*q + o*q. Calculate v(-2).
2
Let d(y) be the third derivative of y**7/210 + y**6/360 - y**5/60 + 95*y**3/6 - 44*y**2. Let q(g) be the first derivative of d(g). Give q(2).
32
Let j(c) = -5*c**3 - 9*c**2 - 3*c + 7. Let s(l) = -3*l**3 - 6*l**2 - 2*l + 4. Let w = 262 + -257. Let g(b) = w*j(b) - 8*s(b). What is g(3)?
6
Let j = 64 - 64. Suppose -22*h + 21*h + 3 = j. Let c(i) = -17*i + h*i + 1 + 15*i + 3*i**2 + 2*i**3. Determine c(-2).
-5
Let a(w) = w + 4. Suppose 0 = 82*h + 82*h + 656. Give a(h).
0
Let b(y) = 5*y + 94. Suppose -5*p - 300 = 10*p. Let l be b(p). Let m(h) = h + 14. Calculate m(l).
8
Let q(d) = 7 - d - d - 2. Suppose -590*b + 2*v = -585*b - 10, 2 = -2*b + 2*v. Give q(b).
-3
Let u(v) = -522*v**3 - 14*v - 61. Let s(d) = -34*d**3 - d - 4. Let x(p) = 31*s(p) - 2*u(p). What is x(-1)?
11
Let h(a) = -6*a + 8 + 1 - 5. Determine h(3).
-14
Let l(j) = 2*j + 11. Suppose -11*n = -8*n + 15, -23 = -s + 4*n. Calculate l(s).
17
Let g(i) = -i**2 + 10*i - 7. Let d = -109 - -142. Suppose -35*s = -d*s - 20. Give g(s).
-7
Suppose 0 = -0*x + 2*x - 4. Let g(a) = -a + 2*a + 14 + 3*a - 16 - a**x. What is g(6)?
-14
Let x(b) be the first derivative of b**3/3 + 3*b**2/2 - 4*b - 298. Give x(0).
-4
Let f(y) = -y**2 - y + 20. Let p be f(5). Let s(v) = 1 + 5 - 4 + 13 + v. Determine s(p).
5
Let v(z) = -14*z - 23*z - 20*z + 56*z + 11. Let y be v(9). Let j(m) = 7*m**y + 2 + 2 + 7*m + m**3 - 8 + 2. What is j(-5)?
13
Let h(f) be the second derivative of -f**4/12 - f**3/3 + f. Let t(d) = -2*d**3 - 5*d**2 + 200*d + 140. Let y be t(-11). Give h(y).
-3
Suppose -z = -k + 5, k - 7 + 20 = -5*z. Let y(x) = 4*x - 14*x + 10 + 0*x + k + x + x**2. Determine y(5).
-8
Let l(v) = 2*v**2 + 3*v - 2. Suppose 8*b - 13*b + 100 = 0. Suppose 0 = -s + y - 3*y - 12, 5*y + b = 0. Let m be (-1 + s)*(-6)/(-10). Determine l(m).
7
Let d(f) = f**2 + 11 - 14*f**2 + 10*f**2 - 3*f**3 - 2*f**2. Let n(u) = -u**3 - u**2 + 4. Let z(m) = -d(m) + 2*n(m). Determine z(-3).
-3
Let u(y) = 2*y**2 + 2*y - 3. Let p(f) = -f. Let l be 48/9*((-29)/2 - 2). Let c = l - -82. Let m(v) = c*p(v) - u(v). Determine m(4).
-13
Let g(l) = 5 + 3*l - 3 - 5 + l**2. Suppose 6183 - 1207 = 16*n. Let m = n + -309. Determine g(m).
7
Let z(i) = -2*i**2 + 519527 + i**2 - 519506. Let h(b) = -b - 4. Let g be h(-4). Determine z(g).
21
Let y = 127 + -125. Let z(f) = 251*f**2 - 501*f**y - 12*f - 19 + 249*f**2. What is z(-9)?
8
Let q = -21239 - -21239. Let d(n) = -n**3 + n**2 - 3*n - 3. Give d(q).
-3
Suppose 232*g = 233*g - 5. Let n(l) = g*l - 5*l**2 + 15*l**2 + 1 - 9*l**2. Let j be 50/5*(-4)/10. Give n(j).
-3
Let y(u) be the third derivative of u**7/5040 - u**6/36 + 2*u**5/3 + 15*u**2 + 2. Let n(w) be the third derivative of y(w). Calculate n(17).
-3
Let v(a) be the second derivative of -a**8/6720 + a**7/1260 + a**5/40 - 11*a**4/3 + a**2 + 38*a + 1. Let k(r) be the third derivative of v(r). Give k(3).
-6
Let m(l) = -37*l + 36*l**2 - 5 - 43677*l**3 + 24 + 43679*l**3. What is m(-19)?
0
Let h(t) = 25*t**2 - t. Suppose -44*q = -43*q. Suppose 4*a + q*a = z + 11, 5*a - 18 = -3*z. Calculate h(z).
24
Let j(n) = -n**2 - 2*n + 8. Let v be 2/(6/(-132)*-4) + -3. Let y be 0/(1/(-2)*(10 - v)). Determine j(y).
8
Let s(q) = -267*q - 90. Let n(v) = 1399*v + 449. Let t(f) = -4*n(f) - 21*s(f). Calculate t(-7).
17
Let n(v) = -5*v + 1. Let u(m) = 4*m - 5. Suppose 0 = 19*f - 12*f - 98. Suppose -3*h + f = 4*h. Let b be u(h). Give n(b).
-14
Let m(k) = k + 3*k**2 - 21 - 2*k**2 - 58*k + 61*k. What is m(4)?
11
Let s(v) = -v**3 - 9*v**2 + 3*v + 25. Suppose 7*o + 1591 - 1528 = 0. Calculate s(o).
-2
Let a(c) = c**2 - 5*c. Let d(y) = y**2 - 4*y - 1. Let s(v) = 3*a(v) - 4*d(v). Let f(n) = -n**2 + 9*n + 10. Let p be f(10). What is s(p)?
4
Let n(k) = 54856*k**3 - 29 + 24*k - 54857*k**3 - 15*k**2 + 36*k**2. Calculate n(22).
15
Let g be (-50)/(-14) - (-784)/(-1372) - 1. Let d(z) be the third derivative of -z**5/30 + z**4/12 + z**3/3 + z**2. Give d(g).
-2
Let v(b) = b**3 - 10*b**2 + 4. Let s(c) = -5*c**2 - 12*c - 5. Let x(m) = 6*m**2 + 13*m + 7. Let a(d) = 5*s(d) + 4*x(d). Let z be a(-7). Calculate v(z).
4
Let s(b) be the first derivative of 3*b**2/2 + 19*b + 5142. Calculate s(5).
34
Let r(f) be the second derivative of f**4/6 - 55*f**3/6 + 35*f**2/2 + 2*f + 5706. What is r(24)?
-133
Let o(n) = 10125*n + 105. Let w(j) = -169*j - 1. Let c(k) = o(k) + 60*w(k). Calculate c(8).
-75
Let q(a) = 2*a. Let p(o) = 14 + 2*o - 14. Let i(l) = 5*p(l) - 4*q(l). Let n = 309 - 308. Determine i(n).
2
Let c(o) = -2*o**3 + 26*o**2 - 16*o - 113. Let f be c(12). Let t(p) = p**2 + 17*p + 16. Calculate t(f).
16
Let m(a) = 6*a. Let s be m(-1). Let z(u) = -u**3 + 5*u**2 - 6*u + 1. Let b be z(3). Let q(c) = -c - 1. Let v(n) = 5. Let y(o) = b*q(o) - v(o). Give y(s).
0
Let m(t) = t + 10. Suppose f - 64 = -72. Let r be m(f). Let n(s) = -2*s + 0*s + 2 - s**2 + s. Give n(r).
-4
Let d be 49/(-147) - (-1 - (-38)/(-6)). Let t(o) = -d - 23*o**2 + 25*o**2 - 6*o + 5*o**2 - o**3. Give t(6).
-7
Let g(c) = -c**2 - 3*c - 1. Suppose 0 = 2360*z - 2419*z - 5605. Let x = -136 - -230. Let r = x + z. Calculate g(r).
1
Suppose -3*f - 72 = 3*o, -11*o = -6*o + 2*f + 111. Let j(z) = z**2 + 37*z + 338. Calculate j(o).
2
Let c(u) be the first derivative of 69 - 2*u + 2/3*u**3 - 3/2*u**2. What is c(-2)?
12
Let z be 7/3*(-2 + -1). Let t(q) = 2*q**2 - 17*q + 14. Let n be t(9). Let h(i) = 2 - 12*i - 10*i + n*i. Calculate h(z).
-5
Suppose 35 = -49*s + 54*s. Let z(i) be the first derivative of i**3/3 - 3*i**2 - 3*i + 7. What is z(s)?
4
Let u(o) = -7*o - 77. Let n = -1558 + 1546. What is u(n)?
7
Let u(o) = o**2 - 4*o - 8. Let g = 6874 - 6871. Determine u(g).
-11
Suppose -3*y - 3*o = -o - 62, -y + 16 = -4*o. Suppose 37*u + y = 32*u. Let x(m) = -m + 9. Let r(g) = -g + 8. Let w(b) = 5*r(b) - 4*x(b). Give w(u).
8
Let o(b) be the first derivative of 1/2*b**2 - 110 - 3*b. What is o(7)?
4
Let i(y) = y**3 + 8*y**2 + 9*y + 4. Let k = 4156 + -4162. Calculate i(k).
22
Let w(q) = -17*q - 214. Let c(l) = 19*l + 251. Let i(r) = 5*c(r) + 6*w(r). Calculate i(8).
-85
Let d(x) = 2*x**2 - 4*x + 9. Suppose 5*i + 13 = -4*h, 4*h + 2*i - 177 + 163 = 0. Determine d(h).
105
Let a(t) be the third derivative of -t**5/60 - t**4/12 + 11*t**3/3 - 949*t**2. Determine a(-8).
-26
Let p(c) = -c**3 + 12*c**2 - 10*c - 8. Suppose -14*t + 5*m - 69 = -15*t, -4*m + 340 = 4*t. Let v = -78 + t. Calculate p(v).
3
Let f(c) be the first derivative of -2*c**3/3 - 19*c**2/2 - 8*c - 8794. Give f(-6).
34
Let v(o) = -o**2 + 116*o + 603. Let s be v(-5). Let p(r) = -5*r**3 - 4*r**2 - 5*r - 1. Determine p(s).
33
Let a(r) = 7*r + 94. Let q(v) = -1. Let y(m) = -a(m) + 3*q(m). Let x be y(-14). Let d(o) = -12*o - 1. What is d(x)?
-13
Let a(z) = -z**3 + 5*z**2 + 4*z - 4. Let x = -119 + 150. Suppose -4*q + x = 11. What is a(q)?
16
Let j = 33 + -21. Let l be ((-20)/4)/5*1*-7. Let p = j - l. Let g(b) = -b**2 + 4*b - 5. Calculate g(p).
-10
Let n be (-60)/9 - 16/(47 + 1). Let f(r) = 3*r**2 + 19*r - 8. Give f(n).
6
Let c(n) be the first derivative of -n**5/24 - n**4/6 + 3*n**3 + 3*n**2/2 + 77. Let x(s) be the third derivative of c(s). Give x(-3).
11
Let w(u) be the second derivative of u**3/3 - 7*u**2/2 - 1707*u + 2. Determine w(2).
-3
Let t be (6/(-2))/(-45 - -44). Let o(i) = -2*i - 7. Give o(t).
-13
Suppose 21*a + 20 - 209 = 0. Suppose m - 3 = -3*l - 1, -2*l + m - 2 = 0. Let u(d) = 8 + a - d - 6 + l. Give u(0).
11
Let b(l) = -2*l - 3*l + 2*l + 2*l. Let n(r) be the first derivative of -r**4/4 + 26*r**3/3 - 25*r**2/2 - 3*r - 27. Let t be n(25). Give b(t).
3
Let w(q) = q**3 - 5*q**2 - 3*q + 7. Let j be 7/(-21)*-27 - 5. What is w(j)?
-21
Suppose c - 311*n - 10 = -313*n, -4*n + 16 = 4*c. Let o(b) = -4*b**3 + 3*b**2 + 4*b + 3. Calculate o(c).
39
Let f be 1/(-1) - 2 - -2. Let z be (-4*44/(-16))/1. Let b(j) = -z*j - 206 + 206. Give b(f).
11
Let j(k) = -137*k + 9*k + 40951613 - 40951616. What 